e v - 1 = l. What is the units digit of l?
4
What is the units digit of ((-4)/3)/(5/(-240))?
4
Suppose 3*o = -4*p - 4, -5*p + 10*p = 2*o + 18. Suppose -t = s + p*s - 14, s = t + 2. What is the units digit of t?
2
Let o be (5 + -3)/(-1) - 0. Let n(h) = -3*h**3 - 2*h**2 - h + 2. What is the tens digit of n(o)?
2
What is the units digit of 93/(1 + 1 + -1)?
3
Let o be (1 - -23)/(-4)*-1. Suppose 0 = -4*v + 4 + 8. Suppose v*r - 4*f = 6, 3*r - f = -3*f + o. What is the units digit of r?
2
Suppose 2*q - 4*q + 14 = 0. Let a(i) = i**3 - 6*i**2 - 6*i - 5. Let u be a(q). Suppose -x + 24 = u*x. What is the units digit of x?
8
Suppose -5*v + 19 = 4. What is the units digit of v?
3
What is the hundreds digit of (145/10 + -2)*(-104)/(-10)?
1
Suppose -15 = 3*l, -3*y + 0*l = -4*l - 116. What is the units digit of y?
2
Suppose 130 = -w + 3*w. What is the tens digit of w?
6
Let a(d) = d**2 + 2*d - 13. Let p(t) = t**3 + 2*t**2 + 2*t - 2. Let s be p(-2). What is the units digit of a(s)?
1
What is the units digit of (-1 + 4 + -34)*-1?
1
Let o = 12 - 9. Let w(j) = 5*j - 2. What is the tens digit of w(o)?
1
Suppose -z + 2*z - 9 = 0. Suppose -4*d + 2*a - a = -29, 3*d - z = 5*a. Let m(x) = -x**3 + 7*x**2 + 9*x + 5. What is the tens digit of m(d)?
1
Suppose -q + 0*q + 10 = -5*u, 4*q - 5*u = 25. Let m = -13 + q. What is the units digit of (-54)/m + 1/4?
7
Let k(w) = -w**3 + w**2 - w + 3. Let r be k(0). Suppose 1 = r*y - 5. Suppose 2*t - y*o - 34 = -0*t, t + o = 19. What is the tens digit of t?
1
Suppose h - 34 = -h. Let k = h + 22. Let b = k - 28. What is the units digit of b?
1
Suppose 0*h - 5*t + 485 = 2*h, -4*h - t = -961. What is the hundreds digit of h?
2
Let k(u) = -u**3 - 13*u**2 + 13*u + 16. Let l be k(-14). What is the units digit of 27/2*20/l?
9
Suppose h + 0*h - 41 = 0. Suppose 3*o + h = 4*o. What is the tens digit of o?
4
Let q(g) be the first derivative of g**4/4 - g**3 - 3*g**2/2 + 6*g - 1. What is the units digit of q(4)?
0
Let c = 18 + -27. Suppose -z = -5*a + 65, 0 = -3*a + 4*a - 4*z - 13. Let f = c + a. What is the units digit of f?
4
What is the units digit of (-2)/(-6) + (-2564)/(-12)?
4
Let k be (-3)/3*(1 + -1). Suppose k = j + j - 2*m + 14, 0 = 5*j + 2*m + 28. What is the tens digit of (-3)/(-6) - 57/j?
1
Let u(g) = 0*g + 3*g - 3 + 2 + 0. What is the units digit of u(2)?
5
Let y = 251 - 118. What is the units digit of y?
3
Suppose -4*r = -5*z - 15, -z - 4*z = 4*r - 25. Let c be (6 - z)/(-1 + 0). Let t = 2 - c. What is the units digit of t?
7
Let s = -7 - -10. Let l(z) = 2*z**2 - 3*z - 4. What is the units digit of l(s)?
5
Let i(h) = 5*h**2 + 5*h + 1. Let v be i(-4). Let k = v + -36. What is the units digit of k?
5
Let j = -7 - -9. Let y = 5 - j. What is the units digit of y?
3
Let k(g) = g**2 + 3*g. Let x = 2 + -6. Let m be k(x). Suppose 3*w - m = -1. What is the units digit of w?
1
Let m(h) = -h**2 - 5*h + 2. Let s be m(-5). Suppose -r - 3 = -4*r. Suppose 0 = -j + s - r. What is the units digit of j?
1
Let t = -25 + -149. What is the units digit of 3/5 + t/(-10)?
8
Let v(t) = 1. Let u(x) = 2*x + 1. Let y(k) = -u(k) - 3*v(k). What is the units digit of y(-3)?
2
Let n = 32 + -15. Suppose 0 = 13*m - n*m + 24. What is the units digit of m?
6
Suppose 5*m + 2*q = 70, -4*m - 22 = 5*q - 61. Suppose 3*c + 6 = -18. Let x = c + m. What is the units digit of x?
8
Suppose 2*z = 3*g + 8, -6*g = -3*z - 2*g + 10. Let a(w) = -6*w. What is the tens digit of a(z)?
1
Let b = 43 - 27. What is the tens digit of b?
1
Let n(b) = -2*b**2 - 5*b - 3. Let q(j) = 10*j**2 + 26*j + 16. Let m(u) = -11*n(u) - 2*q(u). Let a be m(-2). Suppose a*k - 3 = 12. What is the units digit of k?
5
Suppose 13*b - 17*b + 1260 = 0. What is the units digit of b?
5
Let p(w) = -w**3 - 4*w**2 + 3. Let q be p(-4). Let c be (-6)/2 + (5 - q). What is the units digit of (-2)/(-4)*(19 + c)?
9
Suppose -4*j + 6 = -10. What is the tens digit of j + -3 - (-26)/2?
1
Let y(g) = 25*g**3 + 2*g**2 - 1. What is the tens digit of y(1)?
2
Let i(v) = -v**2 - 5*v + 1. Let m be i(-5). Let r be m/((-3)/(-7))*-9. What is the units digit of r/(-4) + 3/(-12)?
5
What is the tens digit of (30/12 + -2)*118?
5
Suppose 0*r - 3*r = 0. Suppose -5*c - 2*w + w + 53 = r, 4*c - 5*w = 25. What is the units digit of c?
0
Suppose -60*s = -53*s - 462. What is the tens digit of s?
6
Let n be (3/(-6))/(2/32). Let c be (20/n)/((-2)/44). Suppose 9*s - c = 4*s. What is the units digit of s?
1
Let w(f) = -f**2 - 6*f - 1. Let i be w(-6). Let s be (-6)/(-1) + (-1 - i). Suppose o + 5*y = -4, -4*o + s*y + 9 = y. What is the units digit of o?
1
Suppose 61 = 4*t - 55. What is the tens digit of t?
2
Let y be 4*(0 + (-3)/(-6)). Let t(k) = k**3 - k**2 - 3*k + 1. Let h be t(y). What is the units digit of 70/8 - h/4?
9
Let g(u) = u**2 + u + 12. What is the units digit of g(-5)?
2
Suppose -6 = 4*l + 22. Let g = l + 17. What is the tens digit of g?
1
Suppose 3*l = 3*u + 29 - 389, 3*l = -9. What is the tens digit of u?
1
What is the tens digit of 4 - (-3 + 1 + 0 - 78)?
8
Suppose -5*d + 43 = -97. Let q = 20 + -14. Suppose -c - v = -0*c - q, 4*c = -3*v + d. What is the tens digit of c?
1
Let z(i) = i**2 - 4*i. Let b be z(2). Let a = -4 + b. Let h = 13 + a. What is the units digit of h?
5
Let z be 5/(-6)*-3*2. Let b = z - 0. Suppose -b*y + 32 = -3*y. What is the units digit of y?
6
What is the hundreds digit of 75/175 - (-2 - (-1229)/(-7))?
1
Let f(o) be the first derivative of -o**3/3 + 2*o**2 + 2*o + 6. Let h(t) = -t + 9. Let c be h(5). What is the units digit of f(c)?
2
Let u(o) = o**3 + 1. Let g be u(0). Let l be 1*(g - (-1)/1). Let m = l + -1. What is the units digit of m?
1
Suppose -d + 5 - 2 = 0. Let t = 2 + 1. Suppose j - d*v = 7, t*j - 4*j - 5*v = -15. What is the tens digit of j?
1
Let g(j) = -j**2 + 7*j - 10. Let p be g(6). What is the units digit of 0 + ((-68)/p - -4)?
1
Let c = 1 + -5. What is the units digit of (12/(-21))/(c/14)?
2
Let c = 1 + 1. Let z = c + -1. Suppose -39 - z = -5*n. What is the units digit of n?
8
Let u = -4 - -7. Suppose -5*w + 95 = 5*m, -u*m + 4*m + 1 = 0. What is the units digit of w?
0
Let n(t) = 3*t**2 + t. Suppose 0 = g + 2*g - 3. What is the units digit of n(g)?
4
Let u(t) be the third derivative of -t**6/120 + 7*t**5/60 + 7*t**3/6 - 4*t**2. What is the units digit of u(7)?
7
Let x(k) = 7*k - 3. Let r(b) be the third derivative of b**4/24 - 2*b**3/3 - 4*b**2. Let y be r(7). What is the units digit of x(y)?
8
Let c(o) = 2*o**3 + 4*o**2 + o. Let d(n) = n**3 + n**2. Let x(h) = c(h) - 4*d(h). Let b be x(-1). Suppose 2 = a - b. What is the units digit of a?
3
Let j = -162 + 278. What is the hundreds digit of j?
1
Let s = 60 - 29. Let v be (-4)/16 + 82/8. Suppose -4*h + v + 0 = r, -5*r - h = -s. What is the units digit of r?
6
Let w be 1 + 5/1*-8. Let r = -23 - w. Suppose a = -a + 3*o + r, 0 = 3*a - 3*o - 24. What is the units digit of a?
8
Let d(x) = -x - 1. Let p(v) = -2*v**2 + 4*v + 6. Let q(a) = 3*d(a) - p(a). What is the units digit of q(7)?
0
Let u be (0 - 1) + (-18)/(-2). Let v = -3 + u. Suppose 2*j - 49 = -v*n, 3*j - 33 = -j + 3*n. What is the units digit of j?
2
Let l(h) = -h**3 - 2*h**2 - 2*h - 2. Suppose -p - 6 = p. What is the units digit of l(p)?
3
What is the units digit of 3*10 - (-6)/3?
2
Suppose -4*v + 30 = 10. Suppose -3*k - 2*k = -v. What is the units digit of k?
1
Suppose w = -2*y + 4, -2*y + w - 10 = -6*y. Suppose 4*d + 2 = y*t, 5*t - 2*d + 5*d - 13 = 0. Suppose 10 = t*b - 10. What is the units digit of b?
0
Let i = 519 - 140. What is the tens digit of i?
7
Let j = 3 + -12. What is the units digit of (-2)/(-3)*j/(-6)?
1
Let r(g) = g**3 - 4*g**2 + 4*g - 2. Let p be r(3). Let x(k) be the third derivative of 7*k**5/60 - k**4/12 + k**3/6 + 5*k**2. What is the units digit of x(p)?
6
Let m(n) = -7 + 2*n - 7*n + 3*n + 3. Let c be m(-3). Let t(f) = -f**2 + 4*f - 2. What is the units digit of t(c)?
2
Let g(f) = -f - 8. Let x be g(-14). Suppose 0 = j - y - 5, -x*j + 2*j + 5*y + 15 = 0. What is the tens digit of j?
1
Let r(o) be the first derivative of -o**4/4 + 7*o**3/3 - 2*o**2 - o + 3. What is the tens digit of r(6)?
1
Suppose 5*g - 2*g + 4 = 5*w, 1 = 5*w - 2*g. What is the tens digit of (-10)/20*78/w?
3
Suppose -2*x + v = -20, 0 = x - 4*v - 1 - 2. Let t be (x/(-2))/((-1)/4). Let s = -11 + t. What is the tens